13
Convert 11aa23 (base 15) to base 13.
238116
What is -20463 (base 16) in base 3?
-20201100010
What is 56162350 (base 7) in base 16?
4a178a
What is 100110220221021 (base 3) in base 15?
69782d
-10012110101100 (base 3) to base 13
-477780
Convert 1018011 (base 11) to base 9.
3337743
What is 2046337 (base 10) in base 12?
828281
222102112121211 (base 3) to base 15
1376594
Convert 3230034334 (base 5) to base 3.
110221102010002
-23030225 (base 6) to base 11
-440874
Convert 102222010200 (base 3) to base 15.
49be6
What is -3157371 (base 8) in base 6?
-30025053
Convert -516140 (base 9) to base 12.
-129309
Convert -399b1 (base 12) to base 3.
-11000121221
Convert 8e841 (base 15) to base 14.
bb6c7
Convert -13111201 (base 7) to base 12.
-498264
-178577 (base 14) to base 11
-51746a
235435411 (base 6) to base 8
21027477
What is -121539 (base 10) in base 16?
-1dac3
What is 1222211100102 (base 3) in base 8?
4025243
Convert -2bb52d (base 14) to base 2.
-101110101011001010101
What is -43711336 (base 8) in base 3?
-122201001001121
Convert 11766066 (base 8) to base 6.
132024502
Convert -152366 (base 9) to base 2.
-10110110110101111
-1545514 (base 7) to base 6
-4323151
Convert -6363317 (base 8) to base 10.
-1697487
What is -87f0 (base 16) in base 4?
-20133300
What is 110201110020 (base 3) in base 10?
250377
3321311211 (base 4) to base 15
153323
What is -b125 (base 14) in base 8?
-73315
43030431 (base 5) to base 9
610627
What is 31000 (base 13) in base 12?
42a34
What is 24704360 (base 8) in base 6?
313201040
Convert 7ce9 (base 16) to base 8.
76351
2027194 (base 12) to base 11
34462a3
1dfd2 (base 16) to base 13
43baa
What is 2414404 (base 6) in base 15?
27834
710450 (base 13) to base 14
4c5bd7
Convert 674487 (base 11) to base 7.
12064140
-8b5b84 (base 12) to base 10
-2229076
What is 14234 (base 15) in base 3?
10021122111
What is -465809 (base 13) in base 2?
-110010111011100010100
-432503140 (base 6) to base 3
-112110202022020
Convert 1056162 (base 7) to base 2.
100000001011011101
-32333131 (base 4) to base 15
-132da
Convert 8855518 (base 9) to base 12.
1717108
-906026 (base 14) to base 15
-65e144
Convert -147b7 (base 15) to base 10.
-65872
What is -25264361 (base 7) in base 3?
-11022002022102
404220213 (base 5) to base 10
1632558
Convert 6425c (base 13) to base 12.
885b5
-97a9 (base 12) to base 6
-205133
What is -552020 (base 7) in base 15?
-1d9e5
Convert 2089 (base 12) to base 6.
24253
What is -51311266 (base 7) in base 4?
-100113002203
222100011122 (base 3) to base 9
870148
What is -191662 (base 14) in base 12?
-369786
What is -3822 (base 16) in base 8?
-34042
Convert 1b8332a (base 13) to base 9.
18180758
Convert -279668 (base 12) to base 11.
-410395
What is -2491647 (base 10) in base 15?
-3433ec
Convert 5592 (base 15) to base 10.
18137
-62dd09 (base 15) to base 6
-244455113
What is 2a3cd (base 15) in base 7?
1104055
Convert -12122021100211 (base 3) to base 9.
-5567324
What is -95c03a (base 16) in base 13?
-205805a
-189cbd (base 16) to base 4
-12021302331
What is -21220212220201 (base 3) in base 9?
-7825821
1440676 (base 10) to base 13
3b5993
What is -475911 (base 15) in base 6?
-201034411
What is -15400 (base 10) in base 12?
-8ab4
259dcf (base 16) to base 10
2465231
Convert -222021101 (base 3) to base 4.
-10223101
-4211411012 (base 5) to base 14
-1226b89
What is 908564 (base 12) in base 16?
22651c
Convert -2022221330 (base 4) to base 16.
-8aa7c
4434300 (base 6) to base 8
662574
Convert 15365781 (base 9) to base 2.
11101001110010110101100
-3515021 (base 6) to base 15
-38a77
-102110301031 (base 4) to base 7
-55554562
Convert -14344524 (base 6) to base 13.
-144a90
4c704 (base 14) to base 9
315753
5aaae (base 15) to base 3
112200211102
Convert -3601426 (base 9) to base 14.
-38a75c
102011210001101 (base 3) to base 7
101326402
What is -11001101001111111 (base 2) in base 10?
-105087
-2303004 (base 5) to base 14
-10d2c
24045 (base 10) to base 7
130050
Convert -3477621 (base 9) to base 7.
-21666016
What is -2b501 (base 14) in base 13?
-3a206
What is 95231 (base 11) in base 14?
38792
Convert 35202332 (base 6) to base 5.
234323300
Convert 1536606 (base 7) to base 15.
428d0
What is 96aaa (base 13) in base 7?
2212116
What is -17064112 (base 8) in base 16?
-3c684a
What is -751345 (base 8) in base 12?
-101031
2212100103 (base 4) to base 13
1aac60
441343 (base 5) to base 14
5795
-346b12 (base 12) to base 2
-11001101011010111110
What is -3313013342 (base 5) in base 16?
-6d3663
121202220012020 (base 3) to base 15
bb1453
178211 (base 9) to base 11
76421
27a2604 (base 12) to base 11
4523589
What is -834969 (base 10) in base 5?
-203204334
What is 1a495b (base 14) in base 13?
269651
Convert 1980f (base 16) to base 6.
2123343
What is -10000111000000110111 (base 2) in base 11?
-348541
What is 143044232 (base 5) in base 8?
2676653
What is 2106ae (base 15) in base 6?
53400345
Convert 13123360 (base 7) to base 15.
18a547
What is 1218510 (base 10) in base 4?
10221133032
Convert 212222001 (base 4) to base 12.
77769
What is -121201102032 (base 4) in base 6?
-355215530
17c2349 (base 13) to base 10
7773554
Convert -1350501 (base 6) to base 3.
-10220010201
What is 638846 (base 9) in base 16?
5ce53
10000001111100111110001 (base 2) to base 16
40f9f1
Convert -112063 (base 11) to base 7.
-1342120
3433153 (base 9) to base 14
36318a
What is -14b71b (base 12) in base 5?
-42224230
What is 1f40 (base 16) in base 4?
1331000
25cb (base 13) to base 12
3166
3411143 (base 5) to base 6
1142325
6ee8b (base 15) to base 7
3003614
12231113 (base 7) to base 5
240200220
What is -473459 (base 14) in base 13?
-670976
Convert -15623762 (base 8) to base 12.
-1263a16
Convert -2021101012 (base 3) to base 13.
-1749b
Convert -10816 (base 11) to base 3.
-210102202
Convert 5003455 (base 7) to base 14.
114b9c
What is -2745515 (base 9) in base 14?
-2b3057
What is 29b750 (base 13) in base 16?
fa41a
-6636 (base 14) to base 12
-a2a0
9b5697 (base 13) to base 14
6b69d1
-42a6112 (base 11) to base 16
-73667c
-14008a (base 11) to base 12
-a7195
Convert -1b1702 (base 13) to base 2.
-10101000001011001110
-11130231321 (base 4) to base 2
-101011100101101111001
Convert 9a5 (base 11) to base 9.
1577
Convert -45025354 (base 6) to base 13.
-386782
What is 203300 (base 6) in base 13?
7566
Convert -232141 (base 11) to base 4.
-1122003111
Convert 4302433 (base 7) to base 5.
113200143
Convert 130113310 (base 4) to base 2.
11100010111110100
What is -1442622 (base 9) in base 4?
-3002103011
-2a590 (base 14) to base 12
-50b96
11301444413 (base 5) to base 3
220022111110100
2202080 (base 12) to base 15
87cea9
What is -1124641 (base 8) in base 11?
-199640
Convert -442313 (base 7) to base 5.
-4441200
Convert -1342303 (base 7) to base 8.
-534516
Convert 549d2 (base 16) to base 2.
1010100100111010010
What is 15753 (base 8) in base 12?
4177
133133102 (base 4) to base 8
373722
What is 1111011001100000 (base 2) in base 12?
30600
Convert 264222664 (base 7) to base 14.
2380534
4ba4d3 (base 16) to base 6
254130523
What is 4764002 (base 8) in base 3?
2110021112201
What is 2260098 (base 11) in base 4?
33011020121
What is -125a3c (base 16) in base 14?
-234468
7110474 (base 8) to base 16
1c913c
Convert -48001 (base 9) to base 15.
-9787
What is 13254 (base 13) in base 10?
35559
-18266 (base 9) to base 10
-12615
46a2 (base 13) to base 2
10011011001110
What is 11160101 (base 9) in base 8?
24514053
Convert 528a9 (base 13) to base 11.
a1793
-21100011101 (base 3) to base 2
-100011010001001100
Convert 7771831 (base 9) to base 16.
3fcb1a
666212 (base 7) to base 12
57b45
704940 (base 13) to base 3
11220120102220
-103115011 (base 6) to base 7
-21360346
2554423 (base 6) to base 5
13432240
245171 (base 9) to base 14
3bdac
Convert -30120232010 (base 4) to base 8.
-14305604
Convert 79c15 (base 13) to base 5.
24043441
What is -10161054 (base 7) in base 4?
-3100301202
14302426 (base 7) to base 2
101001000011110110110
271400 (base 9) to base 13
5a1a4
What is 543503334 (base 6) in base 10?
9697450
Convert -176214 (base 12) to base 8.
-1426260
What is 127593 (base 10) in base 14?
346db
Convert 101100111001110010101 (base 2) to base 7.
15335512
What is -10001010102010 (base 3) in base 13?
-447a08
Convert -2728138 (base 11) to base 3.
-22212022200121
Convert -11100210031 (base 4) to 